t x be (-75)/v*8/6. Is j(x) a prime number?
True
Is (-4)/(-20) + -1 + 108636/20 composite?
False
Let y(p) = 4*p**2 + 7*p - 21. Let i be y(4). Suppose i = 5*m + 51. Is 3308/5 - m/(-10) composite?
True
Let h(q) = -q**3 - 20*q**2 + 10*q + 10. Let l be h(-11). Is l/(-1) - (-4 + 4/2) a prime number?
False
Suppose 132*t - 128*t - 4020 = 0. Suppose 3*u = -2*z + 605, -t = -5*u - 8*z + 3*z. Is u a composite number?
True
Let a be (3 + -2 - 0) + 488. Suppose -5*p - g = -4*p - a, -g - 1451 = -3*p. Is p a composite number?
True
Suppose -161774 = -36*n + 173422. Suppose 103*x - 104*x = -n. Is x composite?
False
Suppose x = 303 - 294. Suppose x*w - 12473 - 7390 = 0. Is w composite?
False
Let i = 17709 - 12556. Is i prime?
True
Let t = 264 + -267. Let w(v) = -139*v**3 - 9*v**2 + v + 2. Is w(t) composite?
False
Let z = 20730 + -2587. Is z a prime number?
True
Suppose -23*p - p = -48. Suppose -4322 = -w - p*o + 3*o, 0 = -5*w - 5*o + 21660. Is w a composite number?
False
Suppose -30*b + 32*b = -29936. Let f = -9941 - b. Is f composite?
True
Suppose 5*s + 4*o = -o + 4500, -2716 = -3*s + o. Let p(g) = -26*g**2 - g - 3. Let f be p(4). Let h = f + s. Is h a prime number?
False
Let k = 21 + -6. Suppose 40*t = 35*t + k. Let z(x) = 259*x**2 + 2*x - 4. Is z(t) a composite number?
False
Suppose -2*h = -2789 + 19. Is h a composite number?
True
Let m be (-2 + 3)*-3 - -5. Let i be -36 - (m + 4/2). Let o = 93 - i. Is o composite?
True
Suppose 5*v + 4*z + 88 = v, -3*z = v + 30. Let c be (752/(-6))/(v/27). Suppose -c = -2*x - 4*a + 446, 10 = 2*a. Is x prime?
True
Suppose 5*f - 7*f + 3*q = -24, -5*f + 79 = 2*q. Suppose 14*b + 74114 = 5*u + f*b, -2*b - 14814 = -u. Is u prime?
False
Suppose 0 = k + 5*t - 92717, -2*t + 92735 = 75*k - 74*k. Is k composite?
True
Let s(f) = 122*f - 979. Let h be s(30). Let p = -2 - -5. Suppose -p*q + h = 5*y, -2*q + 0*y = 4*y - 1790. Is q composite?
False
Suppose 5*q - 5*y - 242 = -9*y, 2*y + 154 = 3*q. Suppose -q*o + 1086971 = 391621. Is o a prime number?
True
Let z(s) = 132*s**3 + 29*s**2 - 235*s + 35. Is z(11) a prime number?
True
Let p(s) = 4028*s**2 - 145*s + 1384. Is p(11) a prime number?
True
Suppose -o - 2185 = -6398. Suppose -3*r + 3*s = -12591, 0*r + r = -3*s + o. Is r a composite number?
False
Suppose -107 - 23 = -5*g. Suppose -g*r + 21*r = -1120. Suppose -1369 = -3*i + 2*v, -3*v + 236 + r = i. Is i composite?
False
Suppose 3*q + r - 7762 = 0, 0 = 2*r + r + 6. Let w = q + -711. Suppose 2*t - w = -i, 0 = 5*i - 3*t + 4*t - 9412. Is i composite?
True
Let z(q) = q**2 - 8*q - 133. Let y be z(-8). Is (184 + y)/(3 - (-150)/(-51)) composite?
True
Let w(q) = q**2 - 6314. Suppose 0 = -3*o + 5*c - 11 - 9, 4*o - 4*c + 16 = 0. Let x be w(o). Let m = 9531 + x. Is m a composite number?
False
Suppose 4*x - 1082 - 1526 = 0. Suppose -x - 9713 = -15*t. Is t a prime number?
True
Let l be 3 + 49153*-1*-1 - -3. Suppose 51*s - 1060744 + l = 0. Is s a prime number?
False
Let f = -156677 - -427720. Is f prime?
True
Suppose -2*o = -7*o + 15, -4*z + 5*o + 17 = 0. Is z/(-12)*-2103 - 3 prime?
True
Suppose 225 = -90*t + 93*t. Suppose t - 72 = a. Is a + 0 - (-206 - 2) a prime number?
True
Let s(p) = 332*p**3 - 9*p**2 + 53*p + 15. Is s(4) composite?
True
Let m(l) = -l**3 + 7*l**2 - 17*l + 19. Let b(g) = 3*g**3 - 13*g**2 + 34*g - 39. Let a(k) = 3*b(k) + 7*m(k). Is a(7) a prime number?
False
Let m be -2 + 394/26 + 8/(-52). Suppose -14892 = -m*f + f. Is f a prime number?
False
Let f(y) = 33*y**3 - y**2 - 5*y + 5. Let h be f(1). Is (1304/h + -9)/((-2)/(-88)) a composite number?
True
Let f = 25696 + -15818. Is (f/132)/((-1)/(-6)) composite?
False
Let p be ((-3)/3)/(-1 + 2) - -3. Let r be p/(2 - 15/6). Is 3660 - 1 - (r - -4) a prime number?
True
Let y(w) = 8*w - 18. Let p be y(2). Let k = 10 - p. Suppose 0 = 3*a - k, a + a + 675 = m. Is m prime?
True
Let x(y) = y**3 - 11*y**2 - y + 14. Let t be x(11). Suppose 3*m = -3*k - 132, 4*m + 124 = -t*k - m. Is (-166 - -1)*16/k a composite number?
True
Suppose 2*v = 17 - 23. Let u(k) = -k**3 - 4*k**2 - 5*k - 2. Let a be u(v). Is (-6)/a*8*879/(-18) a composite number?
True
Suppose -9*o + 5*o = 5*q - 6259, -3*q = 5*o - 3745. Suppose -5*m - q = -9210. Is m composite?
True
Let p = 35 + 97. Is 3/(p/561388) + (-4)/(-22) a prime number?
False
Suppose 120*n = 3*u + 125*n - 325511, 0 = -n + 4. Is u prime?
True
Let n(v) = -v**3 - 8*v**2 - 3*v + 44. Let p be n(-6). Is 2657/(4/p*45/(-18)) a composite number?
False
Is (3 - (-50)/(-15))/(9/(-1543023)) prime?
True
Let q = 3034 - 1013. Is q prime?
False
Let o = 935852 - 464115. Is o a prime number?
False
Let z = -7256 + 15801. Is z a prime number?
False
Let k = 1758 - 699. Let r = k + -592. Is r a composite number?
False
Suppose 8*n - 38 = 2. Is 2 + 3643 + (-2 - (1 - n)) composite?
True
Is 4 + 4/(-3)*22230441/(-102) + -5 a prime number?
True
Suppose 0 = -19*q + 28 - 9. Is 334/q + -28 + 23 composite?
True
Suppose -2*i + 138893 = 4*o - 478385, 6 = -2*o. Is i a composite number?
True
Suppose -5*i + 32 = -7*f + 4*f, -16 = -2*i + 2*f. Suppose i = -5*c + 19. Suppose -2*w = 3*g - 793, -c*g + 2*w + 794 = 3*w. Is g a composite number?
True
Let y be (-2)/(-3 - 1) - 1911/(-78). Let i be ((-410)/y)/((-2)/220). Suppose b - 3617 = -b + 5*w, -b = -w - i. Is b a composite number?
False
Suppose 3 = -3*s - 30. Let u(b) be the first derivative of 10*b**3/3 + 5*b**2 - b - 123. Is u(s) a prime number?
False
Let a(i) = 92*i**2 + 12*i - 21. Is a(11) prime?
True
Suppose -5*s + 5*m + 911 = -2*s, -4*s = -5*m - 1218. Suppose -s = -f + 164. Suppose -x + 4*j = -f, -4*x - 2*j + 1989 = 3*j. Is x composite?
False
Let i = -272643 + 548606. Is i a prime number?
True
Let y be (-1 - -217) + 0 + -1. Let t = 397 - y. Is t/104 + (-2)/(-8) prime?
True
Suppose 4195 + 2842 = -5*v - 3*d, -d + 4211 = -3*v. Let s = 848 + v. Let r = 1138 + s. Is r a composite number?
True
Let f be 2323/((20/40)/((-2)/(-4))). Let d = f - 926. Is d a prime number?
False
Let a(i) = i**3 - 12*i**2 - 28*i + 16. Suppose 0 = 4*c - 30*n + 25*n - 67, 0 = -4*c + n + 87. Is a(c) composite?
True
Let p = -12323 - -44734. Is p a composite number?
False
Suppose -11*o = -0*o - 9*o - 685858. Is o a prime number?
True
Suppose 115*n - 606337 - 1098026 - 2627342 = 0. Is n a prime number?
False
Suppose 3*p = 2*i + 2*i + 36, -2*p = -8. Let h be 18/(-8)*8/i. Suppose 0 = h*y - 3, -6*l = -3*l + y - 544. Is l a prime number?
True
Suppose 134*c = 137*c - 540. Suppose 913 = y + c. Is y prime?
True
Is (-12)/(-3) - 2203566/6*(0 - 3) a composite number?
True
Let u = 3 - -3. Let m(v) = 23*v**2 + 36 - 17*v**2 - 15*v - 20. Is m(u) a prime number?
False
Let h(k) = 116*k - 1034. Let x be h(8). Suppose 0*v - 405 = 3*v - 3*d, 2*v + 265 = 3*d. Let c = x - v. Is c a prime number?
False
Suppose -7*d + 10*d + 17072 = -2*x, 5*d = x - 28462. Let a = -3239 - d. Is a a composite number?
True
Let n(c) = -3*c - 46. Suppose -5*a = 5*i + 105, -5*a + 32 = -5*i - 23. Let b be n(i). Is b*(3 + 4478/4) a prime number?
False
Suppose -m - 15*m + 335536 = 0. Suppose -34963 = -5*a - 3*b, -4*a + 5*b = -a - m. Suppose -1996 = 4*p - a. Is p prime?
True
Suppose -3*y - 2*m + 5204 = 0, -2*y + 3*y - 2*m - 1732 = 0. Suppose -3*z = -3*v - 4*z + y, -5*z = -2*v + 1173. Is v a prime number?
False
Let k = 199 + -197. Suppose k*c + 6*s - s - 7950 = 0, -c + s = -3989. Is c prime?
False
Let h(s) = 392*s**2 + 492*s + 41. Is h(-11) a prime number?
True
Let n(t) = -t**3 - 20*t**2 + 23*t + 111. Let j be n(-27). Let z = -2746 + j. Is z a composite number?
False
Suppose 0 = 3*c + 3*x - 6, 2*x = -2*c + 3*x + 4. Is (-3 - (9 + c))*97/(-2) a prime number?
False
Let r(a) = 1663*a**2 + 10*a + 34. Is r(11) a composite number?
True
Let f = -80269 + 189437. Suppose 23*m = 15*m + f. Is m a prime number?
False
Suppose 9*b + 14*b - 59468054 = -63*b. Is b a composite number?
False
Let m(p) = 158*p + 61. Let w be m(9). Let k = w - 528. Is k a composite number?
True
Let j = -851926 + 1523409. Is j composite?
True
Let k be (25/(-15) + 0 - -2)*18. Suppose -8*f = -k*f - 16010. Is f a prime number?
False
Let w = 226 + -252. Is ((-5026)/3)/(w/39) prime?
False
Suppose -516828 = -21*b + 74049 + 369726. Is b a prime number?
False
Let a = 30819 - 14881. Suppose -18*n + 20*n = a. Is n composite?
True
Suppose 49*p = 14*p + 18170635. Is p composite?
False
Let i = 4